 be q(1). Let w(k) = b - 4*k - k - 14. What is w(-2)?
7
Suppose 0*z + 6 = 2*z. Let k(q) = 2*q**2 - 6. Let n(r) = -2*r**2 + 5. Let l(s) = z*k(s) + 4*n(s). Determine l(-2).
-6
Let z(p) = -10*p + 15. Let n be z(2). Let t(v) = v**2 + 3*v - 1. Determine t(n).
9
Let g(x) = x**3 - 5*x**2 + x - 7. Suppose 0 = 3*i - 2*i, 5 = u + i. Determine g(u).
-2
Let u(d) = 1 + 1 + d**2 - 1 - 2 + d. Suppose 2*f - s = -0*s + 2, 3*s = 3*f - 6. Suppose 3*r + j - 11 = 0, f = r - 5*r - 3*j + 23. Determine u(r).
5
Suppose 3*d = d + 2. Let x = -4 + d. Let g(q) = q**2 + 3*q**2 + 9 - 13 + q**3. What is g(x)?
5
Let i(b) be the second derivative of -3*b - 1/2*b**2 - 1/6*b**3 + 0. What is i(-5)?
4
Let d(h) = h - 5. Let q = 22 + -12. Let i = q + -5. Let w be d(i). Let z(j) = j**3 + j**2 + j - 4. Determine z(w).
-4
Let j = -55 - -57. Let q(m) = m + 1. Calculate q(j).
3
Let a(m) = 16*m**2 - 2*m - 1. Suppose z + 41 = -2*z - 5*o, 3*z + 13 = 2*o. Let g(j) = -j**2 - 8*j - 8. Let t be g(z). Calculate a(t).
17
Let j(f) be the first derivative of -1/3*f**3 + 2 - 5/2*f**2 + 7*f. Determine j(-5).
7
Let b be (-3)/2*(-4)/(-6). Let d(g) = g + 1. Let x(z) = 7*z**2 - 6*z - 7. Let p(i) = -6*d(i) - x(i). What is p(b)?
-6
Let g be (-1*3)/((-9)/(-6)). Let i = -2 - g. Let b(p) = 0*p + p + i - 3. Calculate b(3).
0
Let w be 4/(-24) + (-39)/(-18). Let n(z) be the second derivative of 0 - z + 1/6*z**4 + 1/2*z**w + 1/3*z**3. Determine n(-2).
5
Let l(d) be the third derivative of 7/120*d**6 + 0 + 1/30*d**5 + 0*d**4 + 0*d + d**2 - 1/6*d**3. Let u(n) = -n**2 + 16*n + 1. Let m be u(16). Give l(m).
8
Suppose 0 = y - 2 - 0. Let d(u) = -u**2 - 4*u**2 - 2 + 3*u**y + 2*u + u**2. Give d(2).
-2
Suppose 0 = -3*j + 2 - 17. Let b(g) = 3*g**3 + 7*g + 2. Let n(l) = -2 + 2*l - l**2 - 16*l - 7*l**3 - 1. Let v(t) = -9*b(t) - 4*n(t). Determine v(j).
4
Let f(a) = -3*a - 15. Let l be f(-6). Let g(p) be the first derivative of 1/3*p**l - 2 + p**2 + 0*p. What is g(-2)?
0
Let v(q) = 1 - 12*q + 3 + 19*q + q**2. Give v(-5).
-6
Let i(x) = -12*x**2 - 5*x - 5. Let l(w) = 49*w**2 + 21*w + 21. Let b(v) = -21*i(v) - 5*l(v). Give b(-1).
7
Let y(w) = w + 1. Let n(z) = 10*z + 6. Let m(h) = -n(h) + 6*y(h). Calculate m(-2).
8
Let h(y) = 2*y - 13. Let d(j) = -3*j + 19. Let i(f) = 5*d(f) + 8*h(f). What is i(6)?
-3
Let r be ((-3)/9)/(4/(-36)). Let o(v) = -v**2 - 5*v + 5*v + 4*v + r. Let s be (-8)/2*5/(-4). Determine o(s).
-2
Let q = 7 + -2. Suppose -3*a + 10 = -3*s + 1, q*a = -3*s + 7. Let m(b) be the third derivative of b**6/60 + b**5/60 + b**2. What is m(s)?
-1
Let y(f) be the first derivative of -2 + 1/2*f**2 - 2*f. Let m = 168 - 170. What is y(m)?
-4
Let l(h) = h**3 - 3*h**2 + 2*h + 1. Let u be -2 + 0 - (-3)/(-3). Let m = -5 - -6. Let w be u/(-3) + (m - -1). What is l(w)?
7
Let w(h) = -h**2 + 4*h + 1. Let u be w(5). Suppose 4*n = -5*t - 16, t - 1 = -5. Let i(c) = -c + 4*c**2 + n - 3*c**2 + 5*c. What is i(u)?
1
Let q(j) = 7*j**2 - 7*j - 4. Let k(t) = -13*t**2 + 13*t + 8. Let v(c) = -6*k(c) - 11*q(c). Calculate v(4).
8
Let y(t) be the third derivative of t**7/840 - t**6/72 + t**5/30 - t**4/8 - t**3/6 - 4*t**2. Let c(h) be the first derivative of y(h). Determine c(3).
-9
Let a(v) = -v**3 - 4*v**2 + 2. Suppose -u + 4 = u. Let p be (-1)/(u/2) + 25. Suppose o + 16 = 3*s, 5*s - 4 = 2*o + p. Calculate a(o).
2
Suppose 1 = 2*o - 2*j - 1, 3*j = 9. Let s(d) be the third derivative of 0 + d**2 + 1/120*d**6 - 1/15*d**5 + 1/6*d**3 + 0*d + 1/8*d**o. Give s(3).
1
Let j(q) = -4*q - 3. Let y(i) be the first derivative of -i**3/3 - 4*i**2 + 7*i + 3. Let n be y(-9). What is j(n)?
5
Suppose -r = -4 + 2. Let s(o) = -9 + 5*o**2 - 2*o - r*o - 4*o + o**3. What is s(-6)?
3
Let m(j) = -j - 5. Let q be m(-6). Let h(s) = 0 - 4 + 3 + 9*s**2 - 12*s**2. Determine h(q).
-4
Suppose 0 = f + 2*v - 13, 0 = -4*f - 2*v - 6 + 34. Let u(g) = g - 3. Calculate u(f).
2
Let x(h) = -h**3 - 4*h**2 - 2*h + 2. Let n = -53 + 51. Give x(n).
-2
Let s(m) = m + 1. Let k(x) = -3*x - 7. Let d(r) = -k(r) - 4*s(r). Let i be -1 + 3 + 2 + -9. Determine d(i).
8
Suppose 5*s + 4*h + 11 = 35, 2*h = 3*s - 10. Let p(r) = -s - 1 - 1 + 3*r. What is p(4)?
6
Suppose 2*h + 38 = 3*a - 3*h, 2*h = 5*a - 95. Let k be (-32)/(-6) + (-7)/a. Let y(b) = b - 10. Calculate y(k).
-5
Let c be 5/4 + (-3)/12. Suppose -5*h - 6 + c = 0. Let w(j) = 7*j - 1. Determine w(h).
-8
Let r(k) = k**3 + 4*k**2 - k + 5. Let p = 12 - 7. Suppose -l + 1 = p. Calculate r(l).
9
Let g(n) = n**2 - 7*n + 4. Let i be (-2)/(2/6 + -1). Determine g(i).
-8
Let h(u) = -4*u - 1. Suppose -64*p + 9 = -55*p. Give h(p).
-5
Suppose 2*h + 16 = 6*h. Let t = 3 + h. Let g(b) = b**3 - 6*b**2 - 7*b + 4. Give g(t).
4
Suppose -5*j + j - 16 = 0. Suppose 0 = -4*q + 6*q. Let t(i) = 1 + 7*i + 1 - 8*i + q*i. What is t(j)?
6
Let a(l) = l**2 - 22*l + 22. Let r be a(21). Let w(o) = -20*o - 1. What is w(r)?
-21
Let x(p) = 6*p - 4 + p**3 - 4*p**2 - p + 3 - 2*p**3. What is x(-5)?
-1
Let q(v) = v**2 - 2*v - 4. Suppose 3*s - 8*s = 0, f = 4*s + 3. Let d be q(f). Let w(h) = h + 2. Calculate w(d).
1
Let d(q) = q**3 + q - 6. Let x(o) = -5*o + 20. Let h be x(4). What is d(h)?
-6
Let l(t) be the third derivative of -t**6/360 - t**5/120 - t**4/24 + t**3 - t**2. Let b(x) be the first derivative of l(x). Calculate b(0).
-1
Let u(d) = -d**2 - 6*d + 1. Let x be -1*(0 - (0 + 2)). Suppose 2*b + 2*h = -x*b - 16, 0 = -b + 3*h - 4. Let g be (-2)/2 + (b - 0). Determine u(g).
6
Let l(g) = 3*g - 78 + 76 - 2*g. Calculate l(3).
1
Let u(l) = -l + 2. Suppose -11 = -2*i - w, -3*w + 18 = -3*i + 4*i. Suppose i*p + 0*p = -30. Let g be (-6)/p + 44/10. Give u(g).
-3
Let r(b) = -4*b - 3. Let y be (-4 + -1 + -1)/2. Determine r(y).
9
Let i(q) = -6*q**3 + 2*q**2 - 1. Let c be i(1). Let n(h) = h**3 + 4*h**2 + 3*h**3 + 2*h**2 - 3*h**3 + 4*h. Determine n(c).
5
Let p(r) = -9*r**3 - r**2 + r + 1. Let w be (-2)/5 - 3/5. Give p(w).
8
Let f(h) = h**2 - 7*h - 3. Let x(v) = -4*v**3 + 2*v**2 + v + 1. Let w be x(-1). Let d = -1 + w. Determine f(d).
-13
Let k(o) = -3*o**2 - 2*o - 1. Let j(f) = -16*f**2 - 11*f - 5. Let x(i) = -2*j(i) + 11*k(i). Give x(-2).
-5
Let j(l) = 5 - 241*l**2 + 243*l**2 + 4*l - 5. What is j(-3)?
6
Let v(t) = -t**3 + 6*t**2 - 5*t + 2. Let k = 7 + -2. Let b be v(k). Let o(g) = -g + 1. Give o(b).
-1
Let m(n) = -3*n + 10. Let c(i) = 2*i - 10. Let v(p) = -4*c(p) - 3*m(p). Determine v(-7).
3
Let j(s) be the second derivative of -1/2*s**3 - 7/2*s**2 + 0 - s. Determine j(-5).
8
Let r(j) be the third derivative of -j**5/60 - j**4/4 - j**3/3 - 6*j**2. Calculate r(-5).
3
Let q(h) = -8*h - 3. Let c(w) = 4*w + 2. Let o(r) = -5*c(r) - 3*q(r). Let i be (-8)/12 - 14/6. Let l(d) = -d**2 - 2*d + 2. Let g be l(i). What is o(g)?
-5
Let r(x) = -x**3 + 6*x**2 - 5. Suppose -5 - 1 = b. Let q be b/9 + 60/9. Give r(q).
-5
Let u(i) be the first derivative of -i**2/2 + 4*i + 8. Determine u(-3).
7
Let c(y) = -7*y**2 - y. Let n(r) = r**3 - 8*r**2 + 9*r - 8. Let b be n(7). Suppose 5*x - 23 - 7 = 0. Let j be ((-4)/x)/((-4)/b). What is c(j)?
-8
Let c(t) = -11*t - 1. Let d(q) = 22*q + 2. Let b(p) = 5*c(p) + 3*d(p). Give b(1).
12
Suppose -2*d - 3*q + 133 = 0, q = 6 - 3. Suppose -p + d = 20. Let l be 2/(-10) + p/(-15). Let m(k) = k. Determine m(l).
-3
Let a(m) = 2*m + 3*m**2 - 6 + 0*m + 2 - 3*m + m**3. Determine a(-3).
-1
Let b(g) = -3*g - 4. Let u = 46 - 47. Let h be (2/(-4))/(2/(-8)). Let p = u - h. Determine b(p).
5
Let f(s) = -3*s + 8. Suppose 0 = 2*c + 5 - 17. Calculate f(c).
-10
Let n = 8 - 12. Let b(z) = -z**3 - 4*z**2 + 5*z - 2. What is b(n)?
-22
Let t(o) = o**2 - 4*o - 7. Let p be (-2)/4*-2 + 4. Calculate t(p).
-2
Let m(a) = 3*a**2 + 6*a - 6. Let h(d) = 8*d**2 + 18*d - 18. Let s = -19 + 8. Let y(g) = s*m(g) + 4*h(g). Determine y(6).
-6
Let g(z) = -z**3 - 5*z**2 + 5*z - 6. Suppose 6*b = 2*b + d + 25, -4*d = -4*b + 40. Let p = -11 + b. Calculate g(p).
0
Let t(q) = q**2 + 3*q - 4. Suppose -5*z - 5 = -5*w, 0*w - 5*z = 3*w + 37. Give t(w).
0
Suppose 0 = -5*y + 15, -t + 0*t - y = -8. Suppose -t*s - 15 = -2*s. Let h = s + 2. Let g(a) = 2*a**2 + 5*a + 4. Determine g(h).
7
Let i(d) = -d. Let v(r) = -r + 2. Let z be v(-4). Calculate i(z).
-6
Let o(z) = -3*z**2 + 2*z - 1. Suppose 3*p - 4*x = 12, 4 = 2*p - p - x. Let j = 0 + p. Let y = j - 2. Give o(y).
-9
Suppose 5*a = -0*z - z + 15, 4*a = 4*z + 12. Let c(k) = -23*k**a + 2*k**2 - k +